e number?
False
Let o = 6 - -86. Suppose -o = 5*j - 477. Is j a composite number?
True
Let c(o) = o + 12. Let n be c(-12). Suppose -6*f + 2*f + 564 = n. Is f prime?
False
Suppose 42*c - 40*c = -4*x + 149852, 5*x + 2*c - 187315 = 0. Is x a prime number?
True
Let f(r) be the second derivative of 0 + 31/2*r**2 - 5*r - 1/6*r**3. Is f(0) a composite number?
False
Suppose 1381 = -4*w + 5*w. Is w prime?
True
Suppose 0 = -2*f + 4*s + 24, -f + 5*s + 7 = 4*s. Suppose -z + f*z - 108 = -3*d, 2*d = -4*z + 62. Suppose 5*j - 68 - d = 0. Is j a prime number?
False
Let b(y) = 49*y**2 + 19*y - 107. Is b(5) prime?
True
Suppose 3*x - 181439 = -5*p, -4*p + 4*x + 145148 = 8*x. Is p composite?
True
Let o(v) = 317*v + 84. Is o(5) composite?
False
Let l = 34 + -370. Let b = 965 + l. Is b composite?
True
Suppose -5*n - 8*t + 728169 = -4*t, 0 = -4*t + 4. Is n prime?
True
Let b(c) = 153*c**2 - 2*c - 2. Let o be b(-1). Let l = o + -94. Is l a composite number?
False
Suppose 0 = 5*k - 3*m - 4999, -4*k = -2*m + 4*m - 4008. Let i = 227 + k. Suppose 0*g - i = -4*g. Is g a composite number?
False
Suppose 3*l + 1341 = t + 5*l, -2*t + 2690 = -4*l. Is t composite?
True
Let y(m) = -1317*m**3 - m**2 + 29. Is y(-4) prime?
False
Suppose 0 = 2*l - 7*l + 2*j + 86, 76 = 4*l - 4*j. Suppose 0 = d - l - 15. Is d a composite number?
False
Let q be (4 - -4420) + 1*5. Suppose 7*p = 15370 - q. Is p a prime number?
False
Suppose 19877 = 6*a - 23497. Is a composite?
False
Suppose 5*b + 2*t - 1618 = b, 4*b - 1653 = 5*t. Let v be b/2 - (-1)/(-2). Suppose -v = -2*l - 33. Is l composite?
True
Let r = -9 - -14. Let i = r - 2. Is (-62)/(-5 - -3) + i prime?
False
Let f = 51385 + -35242. Is f prime?
False
Suppose -7312 = -2*g + 7734. Is g a prime number?
True
Let y = 3427 + -1542. Suppose 2*f + 3*f = y. Is f a composite number?
True
Let h(a) = -a**3 - 13*a**2 - 16*a - 11. Let d = 10 - 8. Suppose -6*j + j - 2*g = 56, 0 = 4*j + d*g + 44. Is h(j) composite?
False
Suppose -5*x + 4*d + 52 = 6*d, 5*d + 20 = 0. Suppose 3487 = x*q - q. Is q prime?
True
Let u(m) = -m + 9. Let s(v) = -v + 8. Let a(o) = -5*s(o) + 4*u(o). Let w be a(4). Suppose 2*x - 4*j + 2*j - 1304 = w, 1950 = 3*x - j. Is x a prime number?
False
Suppose -l + 3*l + 10 = 0. Let m be (-3356)/l + 4/(-20). Suppose 6*i - 259 = m. Is i prime?
False
Let k(p) = p**3 - 6*p**2 + 6*p - 2. Let n be k(4). Is (-1685)/(-25) - (-4)/n prime?
True
Is 976283/14 - (-10)/(40/(-6)) prime?
False
Suppose -4*g = -3*f - 2231, 0 = 3*g + 3*f - 1527 - 141. Is g composite?
False
Suppose -2*q - 4 = 2*r, -4 = 5*r + 2*q + 12. Let i be (-48)/(-40)*(r - 1). Is 4116/52 + i/39 a composite number?
False
Suppose -3*i + 3*p = -0*p - 33, 5*p = -i - 19. Is 4*2/i*(-6246)/(-12) a prime number?
False
Let r(y) = -2*y**2 - 17*y - 6. Let u be r(-8). Suppose 1059 = t - 5*l, -5*t + 4*l - u*l + 5249 = 0. Is t a composite number?
False
Suppose -14108 = -f - w, 26457 = 3*f + 2*w - 15866. Is f prime?
True
Let n(k) = -41*k - 34. Let z be n(-14). Is z + (-3 - (-5 - -1)) composite?
False
Let z = 6 + -4. Suppose 6 = z*p - 8. Suppose -2*s - 155 = -p*s. Is s a prime number?
True
Let w(n) = 182*n**2 - 3*n - 18. Suppose -2*y = -2*o + 12, 0 = y - 5*o + 10. Is w(y) prime?
True
Suppose -100 = -31*a + 27*a. Suppose c - 795 = b + b, 5*b = -a. Is c composite?
True
Let c(x) = 17 + 22*x - 38*x + 21*x. Is c(10) a prime number?
True
Let z be (-10 - 0) + 4/(-8)*-4. Is 2/(z/(-372)) + -2 a prime number?
False
Suppose 5*t - 3*t - 16 = 0. Suppose 0 = -t*a + 11*a - 6159. Is a a prime number?
True
Let y(z) = 792*z**3 - 3*z**2 - 2*z + 4. Is y(3) composite?
True
Suppose 1072 = 4*o - 2*b, 279 = -0*o + o + 5*b. Let p = 72 + o. Is p a composite number?
True
Suppose -4*g = u + 22, -3*u = g - 0*g. Is -2 + 17911/7 - g/21 a composite number?
False
Suppose 0 = -3*b + 11838 + 79239. Is b composite?
True
Suppose 2*u = 3*u - 5. Suppose -3*m + 0*m - u*n = -104, -5*m - 2*n = -148. Let r = 59 + m. Is r a composite number?
True
Let x be (-1 - -53) + (1 - -1). Let a(v) = -v + 135. Let q be a(14). Let m = q - x. Is m a prime number?
True
Let c(y) = 617*y**2 - 9*y - 6. Is c(-4) composite?
True
Let l(s) = s**3 - 12*s**2 - 12*s + 12. Let t be l(13). Is 5/t + (-1868)/(-10) a prime number?
False
Let s = 127 + -123. Suppose -5*z - n + 6430 = 0, -s*z - n + 0*n + 5145 = 0. Is z a prime number?
False
Let c(w) = 4*w**2 - 30*w + 13. Let o be c(13). Suppose 0 = s - k - 121 - 148, 0 = -s - 5*k + o. Is s prime?
False
Suppose -175*y = -163*y - 71532. Is y composite?
True
Let f(g) = 20*g - 54. Let y be f(27). Suppose -k = -y - 97. Is k composite?
True
Let g = 5 + -1. Is g/(8/6918) + 20/(-10) prime?
True
Let q(l) be the first derivative of 34*l**3/3 + l**2/2 - 6*l + 37. Is q(-5) composite?
False
Let o = 14 + -7. Let c(u) = -u**3 + 7*u**2 + u - 3. Let v be c(o). Let g = 139 + v. Is g prime?
False
Let q be 1114/10 - (-34)/(-85). Let j = q - 14. Is j composite?
False
Suppose 2 = -s + 5*t, -s + 2*t - 5 = -3. Is s - (-3118 - (-1 + 4)) a composite number?
False
Suppose 3*a = 6*a - 3753. Let t = -780 + a. Suppose 11*r = 8*r + t. Is r a prime number?
True
Suppose 5215 = 4*a + 3*a. Is a a composite number?
True
Suppose -571874 - 1004054 = -8*g. Is g a prime number?
True
Is (-119850)/(-42) + (-3)/(-7) prime?
False
Let u(g) = -708*g - 139. Is u(-39) a composite number?
True
Suppose 0 = -b + 5*q + 482 + 202, -3*q - 12 = 0. Let k = b - -66. Suppose 2*o = k + 604. Is o composite?
True
Is 6/(-4)*(-9470)/15 a composite number?
False
Let h be 2*(-7)/((-70)/(-45)). Let x = h - -46. Is x a prime number?
True
Is (-75127)/(-9) - 96/216 composite?
True
Suppose 2*y + 325 = -3*a, 0*a = -2*y + a - 321. Let u = 1092 - y. Is u a prime number?
False
Let h = -5657 - -13666. Is h prime?
True
Let d(h) be the first derivative of 11*h**4/2 - h**3 - 5*h**2/2 - 3*h - 16. Is d(4) a composite number?
True
Let a(f) = -f**3 - 16*f**2 - 7*f + 2. Let c be a(-18). Let p = c + -331. Is p a composite number?
True
Let w(l) = l**2 + 3*l. Let u be w(5). Suppose 4*y - u = -y. Suppose -3*j + y*j = 5*r + 1150, 210 = j - 5*r. Is j a prime number?
False
Let c = 23 + -18. Suppose -7999 = -c*y - 3*t, t + 0 + 2 = 0. Suppose -6*x = -y + 335. Is x a composite number?
False
Suppose -3*h + 0*h = -30. Let y be (-8)/5 + (-4)/h. Is (-5)/10*1012/y prime?
False
Let p(i) = 60*i - 11. Let t be p(9). Let y = t + -8. Is y composite?
False
Let x(l) = -4068*l - 103. Is x(-19) a composite number?
True
Let a(w) = -17*w**3 + 4*w**2 - 3*w - 4. Let u be a(-4). Suppose -4*q = -0*q - u. Suppose 0*n + 2*n - q = 0. Is n a composite number?
True
Suppose z + 5*k - 8 = 3*k, -5*z + 2*k + 4 = 0. Suppose -3 = -i, 0*i + z*i = -3*b + 6141. Is b composite?
True
Let o = -15593 - -26530. Is o prime?
True
Is (2509 - -18) + (7 - 1) a prime number?
False
Let d = 7 - 1. Suppose 3851 = d*t - 3703. Is t a prime number?
True
Suppose 25*t - 16471 = 4304. Is t prime?
False
Suppose -5*d + 4*y + 44413 = 0, 2*d - 5*y - 2865 = 14890. Is d prime?
False
Is (6/(-15))/((112/1279285)/(-8)) prime?
True
Suppose -4*t + 5*t - 9754 = -3*y, 3*y = 4*t + 9749. Is y a composite number?
False
Let k = 249182 + -156135. Is k a composite number?
False
Let u(j) = -j**3 + 8*j**2 - 14*j + 6. Let c be u(6). Is (-8)/((-48)/9)*(-9836)/c composite?
False
Let l be 6/(-2 + -1) - -661. Suppose -5*m + l + 231 = 0. Suppose q - m = -q. Is q prime?
True
Suppose -18*l + 281523 = -45051. Is l a prime number?
True
Suppose 5*j + 2175 = 5*p, -2*p = 2*p - 5*j - 1744. Let r = -237 + p. Is r prime?
False
Let o(n) = n**3 - 7*n**2 + 7*n - 16. Let g be o(7). Is (g + -2)*(-1 + 8) prime?
False
Suppose -583 + 45 = -2*f. Suppose 243 = 2*z + 3*k, -f = -4*z + 5*k + 228. Is z a prime number?
False
Suppose -67387 - 215720 = -33*m. Is m a composite number?
True
Let h(c) = -185*c**3 + 3*c**2 - 3*c - 12. Is h(-2) a composite number?
True
Suppose -17*s + 1223 = -2024. Is s prime?
True
Let l = -119 + 223. Is -2*1 + l + -5 a composite number?
False
Suppose -19*f + 5647 = -3834. Is f a prime number?
True
Suppose 0 = n + 5*k - 2840, n + k - 2846 = -2*k. Let w = n + -1605. Suppose -h - 3*l + 842 = 192, -w = -2*h + 4*l. Is h prime?
False
Suppose 1200 = -5*k - 2*u, 3*k + 320 = -4*u - 400. Let h be ((-14)/(-3))/(8/k). Let w = -31 - h. Is w composite?
False
Let y = 3596 - -3967. Is y composite?
True
Let n(f) = -f - 16.